divisor of 7205 and 5095?
5
Calculate the highest common factor of 506 and 6147394.
506
What is the greatest common divisor of 3652 and 10648?
44
Calculate the greatest common divisor of 2286 and 8890.
254
Calculate the highest common factor of 57885 and 1245.
15
What is the greatest common divisor of 969 and 561?
51
Calculate the highest common factor of 7300 and 60006.
146
What is the highest common factor of 17256 and 3?
3
What is the highest common factor of 195 and 16458?
39
Calculate the greatest common divisor of 2222 and 472074.
202
Calculate the highest common factor of 884 and 3638.
34
Calculate the greatest common divisor of 26 and 15977.
13
What is the highest common divisor of 36 and 579468?
12
Calculate the highest common divisor of 103607 and 11767.
287
Calculate the greatest common divisor of 1220 and 244.
244
What is the highest common divisor of 88960 and 192?
64
Calculate the highest common divisor of 775 and 38006.
31
What is the greatest common divisor of 259103 and 2223?
247
What is the greatest common divisor of 29164 and 2323?
23
What is the highest common factor of 90226 and 2?
2
Calculate the highest common factor of 310045 and 7080.
295
What is the highest common factor of 764 and 246008?
764
What is the greatest common factor of 67077 and 5249?
29
Calculate the greatest common divisor of 259 and 3556.
7
What is the highest common divisor of 165 and 6450?
15
Calculate the greatest common factor of 65388 and 24.
12
Calculate the greatest common factor of 44136 and 288.
72
What is the highest common factor of 13851 and 285?
57
Calculate the greatest common factor of 13 and 100841.
13
What is the greatest common factor of 4320 and 755460?
540
Calculate the greatest common divisor of 29050 and 100.
50
What is the greatest common divisor of 264 and 3307920?
264
Calculate the highest common factor of 460 and 286465.
115
Calculate the highest common divisor of 29585 and 2440.
305
What is the highest common divisor of 1266203 and 41?
41
What is the greatest common divisor of 120 and 155670?
30
Calculate the highest common factor of 58319 and 5539.
29
Calculate the greatest common factor of 180 and 50565.
15
What is the highest common divisor of 157 and 4848631?
157
Calculate the greatest common divisor of 44198 and 770.
154
Calculate the greatest common divisor of 4455 and 110583.
99
What is the greatest common divisor of 68308 and 4?
4
What is the highest common factor of 47243 and 1955?
17
What is the greatest common factor of 247752 and 1488?
744
Calculate the greatest common divisor of 3957030 and 110.
110
Calculate the highest common divisor of 50745 and 2040.
255
What is the highest common divisor of 9003085 and 470?
235
Calculate the greatest common factor of 676 and 457821.
169
Calculate the greatest common divisor of 122765 and 860.
215
Calculate the highest common divisor of 136 and 1326.
34
What is the highest common divisor of 24 and 4797396?
12
Calculate the greatest common factor of 3895068 and 12.
12
Calculate the greatest common factor of 42 and 59612.
14
Calculate the greatest common divisor of 67479 and 249.
249
Calculate the greatest common factor of 710329 and 573.
191
Calculate the greatest common divisor of 2501961 and 231.
231
Calculate the greatest common divisor of 261 and 2251647.
261
Calculate the highest common factor of 2651 and 44.
11
Calculate the highest common factor of 746 and 343906.
746
What is the greatest common divisor of 63359 and 34?
17
What is the highest common divisor of 240 and 396000?
240
Calculate the highest common factor of 2510 and 42419.
251
Calculate the greatest common factor of 1815 and 489445.
605
What is the greatest common divisor of 7956 and 206244?
612
What is the highest common divisor of 6400 and 123400?
200
Calculate the greatest common divisor of 867 and 36.
3
What is the greatest common divisor of 1361321 and 13?
13
Calculate the highest common divisor of 309748 and 5908.
844
What is the highest common divisor of 88274 and 38?
38
Calculate the highest common divisor of 63 and 4969440.
63
Calculate the highest common factor of 74 and 48046.
2
Calculate the greatest common factor of 401448 and 3870.
258
What is the greatest common factor of 4544 and 544?
32
Calculate the highest common divisor of 2216219 and 1737.
193
Calculate the greatest common divisor of 460 and 61080.
20
What is the highest common divisor of 2346 and 6004587?
1173
What is the greatest common factor of 4876500 and 75?
75
Calculate the greatest common factor of 93798 and 1930.
386
Calculate the greatest common factor of 2559542 and 1414.
202
What is the highest common factor of 832 and 572?
52
What is the greatest common divisor of 1133 and 649?
11
Calculate the greatest common factor of 1949704 and 190.
38
Calculate the greatest common factor of 260253 and 486.
243
What is the highest common factor of 13029 and 11352?
129
What is the highest common factor of 193140 and 612?
36
Calculate the highest common factor of 370438 and 23.
23
What is the highest common factor of 12771 and 254529?
297
What is the highest common divisor of 36 and 267540?
12
Calculate the highest common factor of 76 and 373084.
76
Calculate the highest common divisor of 64 and 24256.
64
What is the highest common factor of 84375 and 27810?
135
Calculate the highest common divisor of 13 and 2124317.
13
Calculate the greatest common factor of 56493 and 36.
9
What is the highest common divisor of 194 and 186434?
194
Calculate the highest common divisor of 120549 and 1144.
143
What is the greatest common divisor of 134286 and 18?
6
What is the greatest common divisor of 4436 and 35?
1
Calculate the greatest common factor of 891 and 5973.
33
Calculate the greatest common divisor of 7 and 3872911.
7
What is the highest common divisor of 3885 and 3255?
105
Calculate the highest common factor of 250350 and 500.
50
What is the greatest common divisor of 14650 and 350?
50
Calculate the greatest common divisor of 20688 and 432.
48
What is the highest common divisor of 1274 and 4634?
14
Calculate the greatest common divisor of 1267 and 1183.
7
Calculate the highest common divisor of 297038 and 48706.
686
Calculate the highest common factor of 476 and 11696.
68
What is the highest common divisor of 1460 and 50005?
365
What is the highest common divisor of 4405334 and 298?
298
What is the highest common factor of 27672 and 720?
24
Calculate the highest common factor of 170 and 214.
2
What is the greatest common factor of 9265 and 680?
85
Calculate the highest common divisor of 556 and 72141.
139
What is the greatest common divisor of 13071096 and 543?
543
What is the greatest common divisor of 154000 and 8393?
77
Calculate the highest common factor of 4 and 1759384.
4
What is the highest common factor of 3024 and 3213?
189
What is the greatest common divisor of 11 and 658757?
11
What is the highest common factor of 20832 and 33?
3
Calculate the greatest common divisor of 16 and 6476.
4
What is the greatest common factor of 185910 and 40?
10
What is the greatest common factor of 248 and 393700?
124
Calculate the greatest common factor of 323 and 734179.
323
What is the greatest common divisor of 25 and 5175?
25
Calculate the highest common divisor of 7847 and 15871.
59
What is the greatest common factor of 245265 and 1182?
591
What is the highest common factor of 106 and 11197363?
53
Calculate the greatest common divisor of 123 and 65518.
41
What is the greatest common factor of 30 and 554205?
15
What is the greatest common factor of 15756 and 988?
52
What is the greatest common factor of 93120 and 27600?
240
What is the greatest common divisor of 561 and 9207?
33
What is the greatest common factor of 1621764 and 684?
684
Calculate the highest common divisor of 6024816 and 834.
834
Calculate the greatest common divisor of 10201 and 10807.
101
Calculate the highest common factor of 22010 and 310.
310
Calculate the greatest common factor of 2318 and 18696988.
2318
Calculate the highest common factor of 365 and 19.
1
What is the highest common divisor of 28 and 248374?
14
Calculate the highest common divisor of 1476 and 581052.
492
Calculate the highest common factor of 55 and 31385.
5
What is the highest common factor of 295 and 28113